/16)*(3 + -1)*1 a composite number?
True
Suppose 13*r - 5099127 = 173*r - 25237207. Is r a prime number?
True
Suppose 3*h - 10*h = -224. Suppose v + 35 = h. Is (3/((-9)/(-103)))/((-1)/v) a composite number?
False
Let n(d) = -8*d + 12. Let p be n(-5). Let i = 43 + p. Is i + -2 + (-2)/(-1) composite?
True
Let n = -44911 - -17017. Let h be 2/(-8) - n/24. Suppose r - 3*r = -h. Is r a composite number?
True
Is ((-1)/2 - (-42)/12)*(14 - -104133) a composite number?
True
Suppose -5*s - 6*w = -2*w + 1490, -3*w = 15. Let v = s + 497. Suppose -a + v = -0*a. Is a a composite number?
True
Let j be (1554/(-10))/((-1)/(-3 + 8)). Suppose -5*d - j = -6532. Is d prime?
True
Let u be 82/((-1 + 4)/6). Suppose -4*q + 3*d = -95 - 251, 2*q + 3*d - u = 0. Suppose 4*t = 5*c - 117, 7*t - 2*t = -3*c + q. Is c prime?
False
Suppose 5*n - 131 = 64. Let b = n + -37. Is (-2 + 955)/(b/2) composite?
False
Suppose 12*s = 7*s + 2*q - 7783, 0 = 4*q - 16. Let f = 172 - s. Is f composite?
True
Is 949129/(-11)*-1 - 24/(-44) a composite number?
True
Let s(o) = 11107*o**2 - 173*o + 933. Is s(5) a prime number?
False
Let i = -24818 - -54717. Is i composite?
True
Let d = -107283 + 387688. Is d a prime number?
False
Let w = 44 + -8. Suppose 0 = 37*o - w*o - 175. Is 2/6*(3 - (1 - o)) composite?
False
Let d(c) = 18*c**2 + 4*c + 8. Let u(g) = g**2 - 18*g + 11. Let l be u(17). Let w be d(l). Suppose 0 = 4*k - w - 252. Is k composite?
True
Let o = 641453 - 422526. Is o composite?
True
Let i be (45/10)/(-9)*0. Suppose -z - 16*z + 87839 = i. Is z prime?
True
Suppose 202827 + 315360 = 57*w. Is w a prime number?
True
Let h(z) = 45 + 15 - 9 + z**2 - 21*z + 19. Let m be h(17). Is m/6*-3 + 36 a composite number?
True
Let t be 18/((20/355)/4). Suppose -9*n = -3*n - t. Is (-2)/4 + 49*n/6 a composite number?
True
Let a = -53800 - -134327. Is a a prime number?
True
Let v be (50/20)/((-1)/(-2)). Suppose -f - 24 = -4*q, v*f - f = -16. Suppose 2*k - q*l - 1454 = 0, -1014 - 1167 = -3*k - l. Is k a composite number?
False
Suppose -32247 = -2*c - 5233. Let x be 2*(-18)/8*(348/(-36) + 7). Suppose -l = x*l - c. Is l composite?
False
Let h(l) = 33 + 9*l - 3 - 6 + 10. Let b be h(-4). Is (18954/(-45))/(b/15) - 4 prime?
False
Let n(u) = 353*u**2 + 63*u - 115. Is n(7) a composite number?
False
Suppose -5174*h + 5175*h - 64200 = 28597. Is h prime?
False
Let l = -103 + 120. Suppose 0 = -48*s + l*s + 12183. Is s a composite number?
True
Is (1361/(-12))/(3/12)*(1 + -34) a prime number?
False
Is -63*(-26)/117 - -20855 a composite number?
True
Let j(k) = -24388*k - 71. Is j(-1) composite?
False
Suppose 2*o - 28 = -z, 0 = -38*z + 36*z - o + 41. Let t(x) = 3*x**2 - 26*x + 125. Is t(z) a prime number?
False
Let a = 8878 - -1398. Suppose -4*g + 338 = -50. Suppose 93*l = g*l - a. Is l composite?
True
Suppose 2*q + 4718 = -1394. Let h be 3/(((-18)/q)/3) + -4. Suppose 0 = -37*d + 33*d + h. Is d a composite number?
True
Suppose -t + 741781 = 5*i, 5*t + 1228751 - 4937656 = -2*i. Is t composite?
False
Suppose 87 = 2*w + v, -8*w + 4*w + 183 = 5*v. Let q = 43 - w. Let u(c) = 58*c**3 + c - 1. Is u(q) a prime number?
False
Suppose -f + 3*r + 14819 = 0, -2*f + 0*r = -4*r - 29644. Let h = f + -10343. Suppose n - 419 - 484 = -4*i, -5*n - 5*i + h = 0. Is n a composite number?
True
Suppose 2*a + 126 - 604 = 0. Let h = 18 - 11. Suppose -h*k + 776 = -a. Is k prime?
False
Let s = 50 - 1. Let t = 58 - s. Is (t/(-12) - 0) + (-7646)/(-8) prime?
False
Let x = -13 + -2. Let y be 71*25/(x/(-3)). Let g = -62 + y. Is g a composite number?
False
Let y(r) = 160*r**2 - 36*r - 233. Is y(-10) a composite number?
False
Suppose 5*m - 5*o = 462085, 4*m + 21*o - 369662 = 26*o. Is m composite?
True
Let y be 14 + -7 - (179 - -2). Is (-1840282)/y - (-4)/6 a composite number?
True
Suppose -18*a + 3*a = 150. Is (a + 12)/(2/15559) prime?
True
Let y(l) = 76*l**3 - l**2 + 2. Let m be y(1). Suppose -m = -4*i + 587. Suppose w - 87 = i. Is w prime?
False
Suppose n = 3*n - 5*k - 12, -n + k = -3. Is (3*n)/((-288)/(-1382496)) composite?
False
Suppose 9924*y - 386690 = 9919*y. Is y a prime number?
False
Let c(y) = 9 + 11*y - 184*y**2 + 373*y**2 - 187*y**2. Let i be c(-5). Suppose -9 = 4*g - i*d - 125, -g + 2*d = -24. Is g composite?
True
Suppose c - 5*m = -5, -5*m = -20 + 5. Suppose -c*q + 21573 = 5003. Is q prime?
True
Is (-2 + 1)/((-21270)/2658 + (-40)/(-5)) prime?
True
Let v(j) = -2*j - 3*j**2 - 12*j**3 + 14*j**3 - 630 + 625. Suppose -b - 12 = -3*b. Is v(b) composite?
False
Suppose 6074 = p + 1113. Suppose 5*w = -3*g + 4*w + 14869, -2*w - p = -g. Is g prime?
True
Suppose 3*c - 10*c + 35 = 0. Suppose c*k - 16 = -3*k. Suppose 2403 = k*q + r, 6*q - 2*q - 2*r = 4786. Is q prime?
False
Let k(d) = -18*d**3 + 7*d**2 + 12*d - 5. Suppose -15*a = -16*a + m - 8, -2*m = -4. Is k(a) composite?
True
Let w(o) be the second derivative of o**5/10 + 11*o**4/12 - 13*o**3/6 - o**2/2 - 12*o. Let x = -215 + 221. Is w(x) composite?
True
Let y(t) = -t**3 + 2*t**2 + 3*t - 2. Let l be y(2). Let o be 1/(l/14397) + (-3)/12. Let q = -1272 + o. Is q composite?
True
Let s(r) = -r**2 + 12*r - 14. Let j be s(4). Suppose 0 = -12*t + 21*t - j. Suppose -177 = t*z - 3*z. Is z a composite number?
True
Suppose u - 123018 = 5*d, 254*u = 253*u + 4*d + 123013. Is u a composite number?
True
Suppose -2*j - 168 = -188. Suppose 0 = j*c + 7*c - 7939. Is c a prime number?
True
Let r(c) = 56*c. Let k be r(1). Let z(x) = -4*x**2 - 37*x - 2. Let s be z(-7). Suppose -s*v + 4895 = -k*v. Is v composite?
True
Let s(d) = -d**3 + 3*d + 2836. Let z be s(0). Let h = 7821 - z. Is h composite?
True
Is (2/3*12691644/(-14))/(-4) a composite number?
False
Suppose 0 = -4*z - u + 42, 3*u + 19 = 5*z - 25. Suppose 2*y + 2*v = 1104, -5*v - z = -0*v. Let t = y + 783. Is t composite?
True
Is 3145498*(90/108 + 5/(-15)) a composite number?
False
Let s be -1 - (-1 - -2)*-1. Suppose -5*j - 30 = -s*j. Is 57 - (-3)/j*-4 prime?
True
Suppose -f + 12*f - 124190 = 0. Let r be (-15)/((-5)/(15/9)). Suppose -r*p - 1085 = -f. Is p composite?
True
Suppose -3*m + 4*c + 27 = 0, 11 = 2*m - c - 2. Suppose -2*k + 2491 + 3054 = -p, 0 = -m*k - 5*p + 13840. Is k prime?
False
Let m(q) = 2*q**3 + 70*q**2 - 76*q + 143. Is m(42) prime?
True
Is 194186/(14 + -13) + 15 a prime number?
False
Let w be (57/(-21) - -3) + (-234)/(-14). Suppose -479 - w = 2*s + 4*c, -3*s + 3*c = 771. Let f = 477 + s. Is f prime?
True
Suppose -l = -5*s - 271275, 48 = 2*s + 56. Is l composite?
True
Let s(y) = -738*y - 7. Let z(m) = -2*m**3 + 19*m**2 - 12*m + 22. Let b be (-9)/(0 - (-4)/(-4)). Let t be z(b). Is s(t) a prime number?
False
Let d be ((-2)/(-6))/(-1*(-1)/27). Let s be ((-12564)/8)/d*-4. Let r = s - 125. Is r a prime number?
False
Let k be (23 - 5)/6 - -6021. Is k + (-2 + 2 - -5) a composite number?
False
Suppose 4*u + 278 = -2*z, 2*u - z = -54 - 95. Let n = -616 + u. Is (n/(-3) - 2)/(2/3) prime?
False
Let u(y) = y**2 + 17*y + 3. Let k be u(-17). Suppose 0 = -4*j + 3*h + k, 4*j = 3*j - 4*h - 23. Is ((-1937)/39)/(1/j) composite?
False
Suppose 5 = 4*f + a, -2*f - 2*a - 1 - 1 = 0. Let z(b) = -23 + f*b + 44*b**2 - b + 9 - 24*b**2. Is z(7) a composite number?
True
Let z = -28149 - -19769. Let y = 14751 + z. Is y prime?
False
Let p(q) = q**2 + 34*q - 138. Let y be p(-38). Is 156561/y - 23/(-322) a composite number?
True
Let f = 6371 + -4080. Suppose 10895 = 4*k + k. Suppose 6*h = f + k. Is h composite?
True
Let b(f) = 2*f + 18 - 9*f + 3099*f**2 + 1 - 5*f. Is b(2) a prime number?
True
Suppose 8*z - 603142 = -2*q + 4*z, z = -q + 301574. Is q composite?
False
Is 0 - -7 - (-28316 + (1 - (0 + -1))) a composite number?
True
Let m = 148428 - 102875. Is m composite?
False
Let g = -227510 + 381067. Is g prime?
True
Let y(x) be the third derivative of x**6/120 - x**5/6 - x**4/12 - 11*x**3/3 - 2*x**2. Let h be 11*(30/5 + -5). Is y(h) prime?
False
Let s = 648973 - 362094. Is s a composite number?
True
Let u = -16204 + 46961. Is u composite?
False
Let g be 10/25 - (-64)/40. Suppose -t + 12727 = -4*j + 3436, -18612 = -g*t + 2*j. Is t a composite number?
False
Suppose 19*k - 69907 + 14332 = 0. Is (k - (3 - 5))*1 a prime number?
True
Suppose -v = 2*b + 279 - 1, 0 = 3*v - 12. Let y = b + 228. Is y + 0 - -6*(-3)/(-9) a prime number?
True
Let t(m) = 3*m + 1. Let h be t(5). Suppose 3*l + h = p, 5*l + 8 =